 and j.
12
Let t = -41 - -45. Suppose -3*d + 65 = 4*h, -6*h + 2*h + t*d = -100. Calculate the highest common divisor of 20 and h.
20
Let l be (5 + -2)*(0 - 1). Let n be ((-144)/(-60))/(l/(-40)). Suppose -5*t = 3*r - 114, 4*r - 80 = -5*t + n. What is the highest common divisor of 16 and t?
8
Suppose 700 = 12*b + 13*b. What is the greatest common factor of 14 and b?
14
Let l = -27 + 34. Suppose -l*h - 5 = -110. What is the greatest common divisor of h and 15?
15
Suppose -h - 3*c = -96, c - 490 = -5*h - 4*c. Calculate the greatest common factor of h and 27.
9
Let i(m) = -2*m**2 - 14*m + 6. Let k be -7 - 12/(-6) - 1. Let f be i(k). Calculate the highest common divisor of 72 and f.
18
Let f be 2*19/((-19)/(-4)). What is the greatest common divisor of f and 1048?
8
Let x(s) = -15*s - 137. Let m be x(-12). What is the highest common factor of m and 2?
1
Suppose a - 4 = -2. Suppose 3*f - a*r = 170, 5*r + 182 = -3*f + 6*f. Let z = 726 + -690. Calculate the highest common factor of f and z.
18
Let w(x) = -x**3 - 13*x**2 + 12. Let l be w(-13). Let r be 1 + 136/l*3. Let c be 1040/r - 2/(-7). What is the greatest common divisor of 5 and c?
5
Let y be 1/(-1)*(-31 - -1). Let u = -27 + 29. Suppose 4 = x + 1, -5*x - 5 = -u*n. Calculate the highest common divisor of y and n.
10
Suppose 35*c - 700 = 30*c. What is the greatest common divisor of c and 210?
70
Suppose 0*j = 2*j - 90. Suppose -5*w + 5 = 4*p, 15*w = 19*w + 3*p - 5. Calculate the greatest common factor of j and w.
5
Let f = 1265 + -1233. Calculate the greatest common divisor of 448 and f.
32
Suppose 37*g + 2016 = 73*g. What is the highest common divisor of 21 and g?
7
Let c(b) = 6*b + 11. Let a be c(-4). Let h(x) = -x + 3. Let z be h(a). Calculate the greatest common factor of z and 40.
8
Suppose -2*p + 248 = -4*z, -2*p + 0*z + 251 = -3*z. Suppose 7*c - 2*c = p. What is the greatest common factor of c and 13?
13
Suppose h = 5*o + 68, -8*h - 384 = -13*h + 3*o. What is the greatest common factor of h and 18?
6
Let y(f) = -40*f + 2. Let q = -59 + 58. Let t be y(q). Let u be ((-1)/(-2))/(2/84). Calculate the greatest common divisor of u and t.
21
Suppose 0 = -4*t + 34*t - 450. Let a(m) = m**3 + 6*m**2 - 10*m - 7. Let y be a(-7). Let x = y - -61. Calculate the greatest common factor of t and x.
15
Suppose -29*f = -34*f + 30. Suppose 0 = f*j - 0*j - 672. Calculate the greatest common divisor of j and 14.
14
Suppose -2*j - 209 = v, 3*v + v = 4*j + 436. Let g = -77 - j. Calculate the greatest common factor of 261 and g.
29
Suppose 0 = 2*m - 403 + 389. What is the greatest common divisor of 252 and m?
7
Suppose 0 = -41*p + 45*p - 20. Calculate the highest common divisor of p and 295.
5
Let m = 97 - 41. Let d(k) = k. Let y = 22 + -14. Let c be d(y). What is the greatest common divisor of m and c?
8
Let u(g) = g**2 + 22*g - 10. Let f be u(-23). Suppose -f*q = -17*q + 512. What is the greatest common divisor of q and 16?
16
Let d(b) = 2*b**2 + 2*b - 22. Let c be d(-14). Calculate the highest common factor of 228 and c.
114
Suppose 0 = 2*p + 2*p - 24. Let k be ((-2)/p)/(8/(-48)). Let o be ((-23)/(-2))/(1/k). Calculate the greatest common factor of 207 and o.
23
Suppose -102 - 138 = -4*p. What is the greatest common divisor of p and 320?
20
Let r(d) = 5*d**2 - 6*d + 5. Let h be r(2). Let w be (3 - 4455/(-36))/(6/8). Calculate the highest common factor of w and h.
13
Let z = 4706 - 3053. What is the highest common divisor of 57 and z?
57
Suppose 2*i - 2*h = 616, -2*i - 3*h + 219 = -377. Calculate the highest common factor of i and 32.
16
Suppose d - 12 - 32 = 3*b, 3*b = 0. Calculate the highest common factor of d and 176.
44
Let z be 12/112*4 - 9060/(-28). Let w = -4 - -6. Suppose -158 = -2*h - x, w*x = -4*h - 2*x + z. Calculate the greatest common divisor of h and 7.
7
Suppose -29*m + 82*m = 3233. What is the greatest common factor of 2257 and m?
61
Let m be (3*(-4)/18)/(2/(-54)). What is the greatest common factor of 63 and m?
9
Suppose -6*o + 360 = -984. What is the highest common divisor of 320 and o?
32
Suppose -56*d + 105*d = -158 + 1187. Let i(g) = -32*g - 3. Let k be i(-6). What is the greatest common divisor of k and d?
21
Let a be (-9)/((145/(-50) + 3)*-1). Let l(h) = -h**3 + 9*h**2 - 8*h - 6. Let c be l(6). Suppose -c = -5*r + 2*r. What is the highest common factor of r and a?
18
Let d = 85 + -40. Let s = 9944 - 9884. What is the highest common divisor of d and s?
15
Let w be 3392/80 + 4/(-10). Calculate the greatest common factor of 140 and w.
14
Let d = 386 - 221. What is the greatest common factor of d and 15?
15
Let o(c) = 6*c - 7. Let t be o(7). Let y = t - 21. What is the highest common divisor of y and 14?
14
Let c be 63 + 1*(3 - 1). Let h(f) = -2*f - 3. Let z be h(-7). Let g = 37 - z. Calculate the greatest common divisor of c and g.
13
Suppose 0 = -6*k - 16*k + 154. Calculate the highest common factor of 7 and k.
7
Let v be (-1296)/96*(0 - 60). What is the highest common factor of v and 10?
10
Let c be ((96/(-10))/(-3))/(6/15). Suppose -s = -2*b + 12, -b - 2*b - s = -c. Calculate the highest common factor of 2 and b.
2
Let t be (138/33 - 4) + 196/11. Let w be 25/3*9*6/t. What is the highest common factor of 75 and w?
25
Let m(g) be the third derivative of g**6/120 + 7*g**5/60 + g**4/24 + 10*g**3/3 + 58*g**2. Let q be m(-6). What is the highest common factor of 5 and q?
5
Let u(z) = 25*z**2 - 2*z - 1. Let n be u(-1). Let v be 2/11 - (-13348)/517. Calculate the greatest common divisor of v and n.
26
Let j = 4 + -3. Suppose -2*g = -q + 6, -g = -2*q + 1 + 5. Let u = g + 9. Calculate the greatest common factor of u and j.
1
Let u = 104 - 34. Let k be ((-6)/(-5))/((-21)/u). Let v be (-42)/(-1)*(k + 7). What is the highest common factor of v and 14?
14
Suppose 10*t - 12*t = -4. Let n be (-2)/7 + (-142)/(-7). Suppose 3*o - d = n, 2*o - 3*d + 0 - 4 = 0. What is the highest common divisor of t and o?
2
Let p = 2264 - 2246. Suppose -j + 3*j = 252. Calculate the highest common divisor of j and p.
18
Suppose 8*s + 1988 = 16260. Calculate the highest common divisor of 16 and s.
8
Let j = -502 - -534. What is the greatest common divisor of 16 and j?
16
Let d be (2*(-39)/24)/((-59)/22420). What is the highest common factor of 95 and d?
95
Suppose 11*g = 172 + 48. Calculate the greatest common factor of g and 130.
10
Let u be (-2 - 2*9)*(-56)/32. Let r(l) = -6*l + 5*l**2 + 32 + 26 - 53 + l**3. Let c be r(-6). Calculate the greatest common divisor of u and c.
5
Suppose -5*h = 4*o + 24 + 8, -5*o = 4*h + 40. Let f = o - -10. Suppose -f*a = -5*s - 43, 0 = -6*s + s + 5. What is the greatest common divisor of a and 36?
12
Let m be (-2)/7 + (-102)/(-14). Let r(z) = -z**3 + 48*z**2 + 4*z - 185. Let v be r(48). Calculate the highest common divisor of v and m.
7
Let i be (-1 - 0)*399/(-38)*2. What is the highest common factor of i and 483?
21
Let v = 3033 - 2934. Let s(z) be the third derivative of -z**4/4 - z**3/6 + 2*z**2. Let a be s(-2). Calculate the greatest common factor of a and v.
11
Let q be (-3*(-4)/8)/((-9)/(-24)). Suppose q*j = 2*j + 8. What is the greatest common divisor of j and 4?
4
Let h(p) = -46*p - 42. Let m be h(-6). What is the greatest common divisor of 104 and m?
26
Let c be (4 + -3)*(-2 + 2)/(-2). Let q be c - -3 - 1 - 2*-1. What is the highest common divisor of 36 and q?
4
Let s(r) = 4*r - 22. Let o be s(6). Suppose -5*w + w = o*p - 92, 97 = 2*p - w. What is the greatest common factor of 6 and p?
6
Let x(u) = -24*u - 1. Let h be x(-4). Let a = h + -89. What is the greatest common factor of 2 and a?
2
Suppose 257 - 641 = -8*l. Let w be (1 - 1)/2 - 3. Let i = 15 + w. Calculate the greatest common divisor of l and i.
12
Let w(g) = 5 + 16 + g**2 - 6 + 8*g. Let i be w(-6). Suppose -i*n + 6*n = -f + 121, -5*f + 45 = n. What is the greatest common factor of 5 and n?
5
Suppose -5*n + 1283 = o, 1039 = -4*n + 8*n + 5*o. What is the highest common divisor of 16 and n?
16
Let z(m) be the third derivative of -m**6/120 + m**5/10 - m**4/8 + m**3 - 4*m**2. Let j be z(3). What is the greatest common factor of j and 3?
3
Let w(o) = -o**2 - 15*o - 17. Let z be w(-11). Calculate the highest common factor of z and 45.
9
Suppose a + 0*p - 1 = -3*p, -a - 2*p + 2 = 0. Let v be 13 - 0 - -1*(a + -3). What is the highest